 divided by 4923?
2378
What is the remainder when 19517163 is divided by 176?
171
Calculate the remainder when 64723 is divided by 21338.
709
What is the remainder when 65724 is divided by 32319?
1086
Calculate the remainder when 9243699 is divided by 951.
930
What is the remainder when 116513 is divided by 16536?
761
What is the remainder when 88584382 is divided by 20625?
7
What is the remainder when 324024 is divided by 108008?
0
Calculate the remainder when 4174808 is divided by 36.
32
What is the remainder when 274666038 is divided by 91555343?
9
What is the remainder when 7272098 is divided by 23086?
8
What is the remainder when 5926270 is divided by 4659?
22
What is the remainder when 290242 is divided by 96658?
268
What is the remainder when 143537 is divided by 47832?
41
Calculate the remainder when 13193404 is divided by 64.
60
Calculate the remainder when 12712 is divided by 6240.
232
What is the remainder when 741110 is divided by 12775?
160
What is the remainder when 2113404 is divided by 12358?
186
Calculate the remainder when 70378 is divided by 7805.
133
What is the remainder when 2817096 is divided by 26?
22
Calculate the remainder when 158559 is divided by 16158.
13137
Calculate the remainder when 1497634 is divided by 566.
564
Calculate the remainder when 2059235 is divided by 2059223.
12
What is the remainder when 272346 is divided by 20450?
6496
What is the remainder when 3046466 is divided by 25817?
60
What is the remainder when 136904838 is divided by 1467?
1464
Calculate the remainder when 106263 is divided by 26560.
23
What is the remainder when 204298 is divided by 10665?
1663
Calculate the remainder when 35615 is divided by 5804.
791
Calculate the remainder when 2356990 is divided by 102.
76
What is the remainder when 1357498 is divided by 1357430?
68
Calculate the remainder when 32669175 is divided by 47.
39
Calculate the remainder when 21690988 is divided by 610.
608
Calculate the remainder when 987013 is divided by 7896.
13
What is the remainder when 196670 is divided by 39257?
385
What is the remainder when 22416919 is divided by 412?
411
What is the remainder when 15727297 is divided by 10?
7
Calculate the remainder when 77383 is divided by 696.
127
What is the remainder when 252491 is divided by 46?
43
What is the remainder when 57151 is divided by 28296?
559
Calculate the remainder when 12816261 is divided by 379.
376
What is the remainder when 471825 is divided by 718?
99
Calculate the remainder when 108931239 is divided by 85.
84
Calculate the remainder when 1848814 is divided by 249.
238
Calculate the remainder when 1305054 is divided by 108582.
2070
Calculate the remainder when 11262002 is divided by 1877.
2
What is the remainder when 2921489 is divided by 198?
197
Calculate the remainder when 15393041 is divided by 56.
41
Calculate the remainder when 121690 is divided by 14834.
3018
Calculate the remainder when 42195 is divided by 20558.
1079
Calculate the remainder when 84155192 is divided by 12.
8
What is the remainder when 59014556 is divided by 24?
20
What is the remainder when 1325623 is divided by 102?
31
Calculate the remainder when 1376247 is divided by 4369.
12
What is the remainder when 2956095 is divided by 2956077?
18
What is the remainder when 4137974 is divided by 8326?
8278
What is the remainder when 7936121 is divided by 2565?
11
What is the remainder when 419485 is divided by 4835?
3675
What is the remainder when 81310645 is divided by 22?
9
Calculate the remainder when 1492978 is divided by 1502.
1492
Calculate the remainder when 415026632 is divided by 199.
192
What is the remainder when 6809030 is divided by 220?
30
Calculate the remainder when 33148031 is divided by 384.
383
Calculate the remainder when 10768059 is divided by 297.
27
Calculate the remainder when 36946 is divided by 16679.
3588
Calculate the remainder when 3217290 is divided by 357469.
69
What is the remainder when 284600 is divided by 11?
8
What is the remainder when 1606484 is divided by 1737?
1496
What is the remainder when 131017 is divided by 65504?
9
What is the remainder when 7076160 is divided by 25272?
0
What is the remainder when 1410446 is divided by 108493?
37
What is the remainder when 12208461 is divided by 44884?
13
Calculate the remainder when 7128799 is divided by 56.
55
What is the remainder when 2093077 is divided by 393?
352
What is the remainder when 521833 is divided by 12707?
846
What is the remainder when 14680 is divided by 1829?
48
What is the remainder when 10726044 is divided by 32?
28
What is the remainder when 4996954 is divided by 2498468?
18
What is the remainder when 44523 is divided by 2968?
3
What is the remainder when 494679 is divided by 29052?
795
What is the remainder when 131898 is divided by 6589?
118
Calculate the remainder when 23113700 is divided by 739.
736
Calculate the remainder when 12627 is divided by 964.
95
Calculate the remainder when 576357 is divided by 86.
71
What is the remainder when 1487690 is divided by 675?
665
What is the remainder when 59101249 is divided by 959?
956
What is the remainder when 351132 is divided by 231?
12
Calculate the remainder when 448636 is divided by 2615.
1471
Calculate the remainder when 35043 is divided by 30136.
4907
Calculate the remainder when 6581057 is divided by 14062.
41
Calculate the remainder when 205141 is divided by 64.
21
Calculate the remainder when 241348 is divided by 280.
268
Calculate the remainder when 1945647 is divided by 4295.
12
Calculate the remainder when 3368708 is divided by 150.
8
Calculate the remainder when 164675 is divided by 36.
11
Calculate the remainder when 13364635 is divided by 134.
11
Calculate the remainder when 205711 is divided by 285.
226
What is the remainder when 129953 is divided by 171?
164
What is the remainder when 68783521 is divided by 876?
1
Calculate the remainder when 418214 is divided by 41645.
1764
Calculate the remainder when 13067951 is divided by 10659.
17
What is the remainder when 103213729 is divided by 9138?
19
Calculate the remainder when 1618178 is divided by 404543.
6
What is the remainder when 246202319 is divided by 5?
4
What is the remainder when 17391119 is divided by 318?
17
Calculate the remainder when 323286 is divided by 757.
47
Calculate the remainder when 13803386 is divided by 8.
2
Calculate the remainder when 1592091 is divided by 3178.
3091
What is the remainder when 8472075 is divided by 1370?
1365
What is the remainder when 170350 is divided by 277?
272
Calculate the remainder when 21967523 is divided by 686485.
3
What is the remainder when 819354 is divided by 10803?
9129
What is the remainder when 146426631 is divided by 28?
15
What is the remainder when 358245 is divided by 4026?
3957
Calculate the remainder when 322817 is divided by 13982.
1231
What is the remainder when 175997973 is divided by 24?
21
What is the remainder when 1246840 is divided by 2357?
2344
Calculate the remainder when 170188 is divided by 1707.
1195
What is the remainder when 183528 is divided by 30?
18
Calculate the remainder when 1887979944 is divided by 1533.
1530
Calculate the remainder when 1013850 is divided by 1089.
1080
What is the remainder when 598410 is divided by 406?
372
Calculate the remainder when 16434819 is divided by 118236.
15
Calculate the remainder when 44708 is divided by 7211.
1442
Calculate the remainder when 47675885 is divided by 9452.
9449
Calculate the remainder when 6590 is divided by 317.
250
What is the remainder when 359071 is divided by 4719?
427
What is the remainder when 57317 is divided by 2743?
2457
What is the remainder when 268269 is divided by 89006?
1251
Calculate the remainder when 48042 is divided by 16003.
33
What is the remainder when 956021 is divided by 103?
78
What is the remainder when 2246657 is divided by 1431?
1418
What is the remainder when 4910 is divided by 818?
2
What is the remainder when 9939071 is divided by 647?
504
Calculate the remainder when 11167549 is divided by 1240836.
25
What is the remainder when 2078599 is divided by 98980?
19
What is the remainder when 18760349 is divided by 1190?
1189
Calculate the remainder when 612271 is divided by 10036.
75
Calculate the remainder when 6838874 is divided by 71986.
204
C